360 divide 4818?
False
Is 16 a multiple of 16?
True
Is 15 a factor of 1890?
True
Is 838 a multiple of 8?
False
Does 5 divide 1086?
False
Does 149 divide 3129?
True
Is 306 a multiple of 42?
False
Is 72 a factor of 648?
True
Is 21 a factor of 18417?
True
Is 933 a multiple of 23?
False
Does 23 divide 537?
False
Is 12 a factor of 15960?
True
Is 1014 a multiple of 19?
False
Is 236 a factor of 33556?
False
Is 152 a factor of 1672?
True
Does 7 divide 915?
False
Does 72 divide 16416?
True
Is 2180 a multiple of 9?
False
Is 11 a factor of 15686?
True
Is 27 a factor of 486?
True
Is 1325 a multiple of 53?
True
Does 10 divide 26455?
False
Is 34 a factor of 9384?
True
Is 11 a factor of 9039?
False
Is 13 a factor of 635?
False
Is 98 a multiple of 6?
False
Does 56 divide 36005?
False
Is 3 a factor of 5298?
True
Does 43 divide 2032?
False
Is 157 a factor of 18508?
False
Is 6600 a multiple of 12?
True
Is 7644 a multiple of 39?
True
Is 1786 a multiple of 47?
True
Is 1922 even?
True
Is 2875 a multiple of 115?
True
Is 6120 a multiple of 17?
True
Does 48 divide 480?
True
Is 16 a factor of 3782?
False
Does 9 divide 234?
True
Does 159 divide 19845?
False
Does 12 divide 48680?
False
Is 708 a multiple of 6?
True
Is 13488 a multiple of 204?
False
Is 88 a factor of 21296?
True
Is 8252 a multiple of 129?
False
Is 10654 a multiple of 70?
False
Is 4095 a multiple of 36?
False
Is 63860 a multiple of 16?
False
Is 8 a factor of 9512?
True
Is 7 a factor of 84?
True
Is 1593 even?
False
Is 19 a factor of 11419?
True
Is 29265 a multiple of 15?
True
Is 2164 a multiple of 5?
False
Is 39 a factor of 252?
False
Does 32 divide 1076?
False
Is 13986 a multiple of 21?
True
Is 4838 a multiple of 28?
False
Does 25 divide 15900?
True
Is 6 a factor of 45642?
True
Is 7 a factor of 6554?
False
Is 25 a factor of 193?
False
Does 23 divide 5834?
False
Is 311 a multiple of 20?
False
Is 1440 a multiple of 6?
True
Is 13 a factor of 376?
False
Does 14 divide 392?
True
Is 20 a factor of 1268?
False
Does 149 divide 20101?
False
Is 36 a factor of 324?
True
Is 5 a factor of 55?
True
Does 15 divide 361?
False
Is 258 a multiple of 13?
False
Is 6748 a multiple of 28?
True
Is 15 a factor of 17970?
True
Is 62 a factor of 36022?
True
Is 17 a factor of 1335?
False
Is 52 a factor of 1300?
True
Is 5073 a multiple of 19?
True
Is 15 a factor of 2190?
True
Is 5764 a multiple of 131?
True
Is 1498 a multiple of 19?
False
Is 72 a factor of 2448?
True
Is 783 even?
False
Is 4224 a multiple of 22?
True
Is 9750 a multiple of 50?
True
Is 11 a factor of 2144?
False
Is 90 a factor of 21240?
True
Is 15 a multiple of 8?
False
Is 37 a factor of 1073?
True
Is 6250 a multiple of 13?
False
Is 8806 a multiple of 14?
True
Is 71 a factor of 814?
False
Does 11 divide 9900?
True
Is 6507 a multiple of 37?
False
Does 20 divide 272?
False
Does 8 divide 4816?
True
Does 23 divide 1835?
False
Is 73 a multiple of 20?
False
Is 551 a multiple of 19?
True
Does 114 divide 137150?
False
Is 15967 a multiple of 44?
False
Is 224 a multiple of 6?
False
Does 13 divide 4147?
True
Is 7144 a multiple of 152?
True
Does 48 divide 2551?
False
Is 11 a factor of 308?
True
Is 752 a multiple of 94?
True
Does 41 divide 57281?
False
Does 65 divide 22663?
False
Is 1136 a multiple of 4?
True
Does 72 divide 9216?
True
Is 77 a factor of 51051?
True
Is 2058 a multiple of 4?
False
Is 13 a factor of 4095?
True
Does 28 divide 70368?
False
Is 11 a factor of 8569?
True
Does 27 divide 1028?
False
Does 18 divide 126?
True
Does 6 divide 9790?
False
Is 7 a factor of 4536?
True
Does 22 divide 21802?
True
Is 3 a factor of 4566?
True
Does 13 divide 179?
False
Is 6554 a multiple of 13?
False
Is 26 a factor of 1014?
True
Is 55 a factor of 3963?
False
Does 8 divide 1976?
True
Is 29196 a multiple of 9?
True
Does 75 divide 2677?
False
Does 60 divide 45600?
True
Is 9 a factor of 353?
False
Does 14 divide 11895?
False
Is 1131 a multiple of 13?
True
Is 9 a factor of 278?
False
Is 6190 a multiple of 17?
False
Is 5111 a multiple of 2?
False
Is 154338 a multiple of 174?
True
Does 11 divide 17639?
False
Is 7 a factor of 247?
False
Is 14 a factor of 1479?
False
Is 1127 a multiple of 31?
False
Does 101 divide 5699?
False
Does 273 divide 20748?
True
Does 115 divide 7590?
True
Is 1272 even?
True
Does 9 divide 25272?
True
Does 110 divide 7590?
True
Is 33 a factor of 21681?
True
Is 3644 a multiple of 6?
False
Does 24 divide 6000?
True
Does 37 divide 1942?
False
Is 149 a factor of 2384?
True
Is 592 a multiple of 37?
True
Is 11956 a multiple of 36?
False
Is 544 a multiple of 30?
False
Is 44 a factor of 6562?
False
Is 2436 a multiple of 84?
True
Does 15 divide 2278?
False
Is 27 a factor of 5138?
False
Does 9 divide 1458?
True
Is 16 a factor of 2336?
True
Does 40 divide 576?
False
Does 138 divide 552?
True
Does 17 divide 1021?
False
Is 1334 a multiple of 47?
False
Does 209 divide 25983?
False
Is 12025 a multiple of 10?
False
Does 12 divide 276?
True
Is 11 a factor of 2277?
True
Does 9 divide 1138?
False
Is 341 a multiple of 8?
False
Does 12 divide 32472?
True
Is 35528 a multiple of 28?
False
Does 15 divide 11312?
False
Is 59 a factor of 14401?
False
Is 10 a factor of 20?
True
Is 787 a multiple of 54?
False
Is 425 a multiple of 12?
False
Is 11 a factor of 84666?
False
Is 378 a multiple of 21?
True
Is 26 a factor of 11076?
True
Does 6 divide 234?
True
Does 6 divide 192?
True
Does 16 divide 64?
True
Is 10 a multiple of 5?
True
Does 11 divide 1068?
False
Is 1275 a multiple of 18?
False
Is 135548 a multiple of 103?
True
Is 92 a factor of 98845?
False
Does 161 divide 27531?
True
Is 420 a multiple of 30?
True
Is 3892 a multiple of 14?
True
Is 6 a factor of 396?
True
Is 26 a factor of 4082?
True
Is 138093 a multiple of 13?
False
Is 3841 a multiple of 34?
False
Is 11 a factor of 682?
True
Is 20 a factor of 1420?
True
Is 94 a factor of 16544?
True
Is 928 a multiple of 32?
True
Is 5846 a multiple of 37?
True
Is 38 a factor of 7533?
False
Does 194 divide 8784?
False
Is 3 a factor of 1240?
False
Does 101 divide 109446?
False
Is 46 a factor of 1702?
True
Is 134 a factor of 14522?
False
Is 49 a factor of 15710?
False
Is 4 a factor of 25166?
False
Is 18 a factor of 27018?
True
Does 22 divide 9994?
False
Does 33 divide 330?
True
Is 1344 a multiple of 20?
False
Is 86 a multiple of 11?
False
Is 83 a factor of 996?
True
Is 2 a factor of 331?
False
Is 27 a factor of 29242?
False
Is 7 a factor of 5165?
False
Is 33 a factor of 72666?
True
Is 2237 a multiple of 2?
False
Does 22 divide 4797?
False
Does 9 divide 38?
False
Does 167 divide 32064?
True
Is 126 a multiple of 50?
False
Does 6 divide 14142?
True
Is 345 a multiple of 23?
True
Does 122 divide 16592?
True
Does 147 divide 7477?
False
Is 1786 a multiple of 38?
True
Is 4945 a multiple of 115?
True
Is 3314 a multiple of 14?
False
Does 71 divide 5751?
True
Is 3 a factor of 4308?
True
Is 1396 a multiple of 165?
False
Does 34 divide 590?
False
Is 259 a multiple of 37?
True
Is 23 a factor of 95673?
False
Is 782 a multiple of 3?
False
Is 61 a factor of 221?
False
Is 10 a factor of 13288?
False
Does 13 divide 3380?
True
Does 12 divide 6384?
True
Does 44 divide 3784?
True
Does 46 divide 22402?
True
Is 12 a factor of 2088?
True
Is 4389 a multiple of 77?
True
Is 52 a multiple of 10?
False
Does 14 divide 5250?
True
Is 2 a factor of 1374?
True
Does 18 divide 36925?
False
Is 17857 a multiple of 266?
False
Does 210 divide 9378?
False
Does 2 divide 6012?
True
Is 15 a factor of 24240?
True
Does 17 divide 2970?
False
Is 13 a factor of 520?
True
Does 78 divide 6989?
False
Is 19 a factor of 133?
True
Does 92 divide 47472?
True
Does 238 divide 34510?
True
Is 40114 a multiple of 12?
False
Is 15 a factor of 5280?
True
Does 7 divide 2618?
True
Is 89 a factor of 981?
False
Does 25 divide 300?
True
Is 769 a multiple of 18?
False
Is 268 a multiple of 67?
True
Is 6439 a multiple of 47?
True
Is 7567 a multiple of 22?
False
Is 8397 a multiple of 17?
False
Is 15826 a multiple of 172?
False
Is 22 a factor of 512?
False
Is 112 a factor of 1007?
False
Is 17 a factor of 2278?
True
Is 149 a multiple of 3?
False
Does 8 divide 6728?
True
Is 9 a factor of 5373?
True
Is 55 a factor of 3173?
False
Is 451 a multiple of 11?
True
Is 10 a factor of 2120?
True
Is 999 a multiple of 8?
False
Is 22 a factor of 22?
Tru